 + 6. Calculate l(m).
-18
Let u(s) = 5*s**2 - 29*s - 11. Let x be u(9). Let m = 142 - x. Let f(p) = -2*p - 3. Give f(m).
-21
Let q = -263 + -85. Let m = q - -341. Let v(y) = y**3 + 6*y**2 - 6*y - 6. Determine v(m).
-13
Suppose -57*o + 329 = -56 + 43. Let h(r) = -r**3 + 5*r**2 - 8*r - 4. Give h(o).
-88
Let y = -58 - -55. Let o(b) be the first derivative of b**2 - 4*b + 11. Let k(g) = -1. Let u(i) = 6*k(i) - o(i). Give u(y).
4
Let k = 27 + -21. Let c(w) be the third derivative of w**4/24 - 3*w**3/2 + 191*w**2 + 1. What is c(k)?
-3
Let d(w) be the third derivative of -w**5/60 + 11*w**4/24 - 17*w**3/6 + 401*w**2. Calculate d(6).
13
Suppose -26*a = -31*a - 45. Let y(t) = -11*t**3 + 4 + 6*t**3 + 4*t**3 - 13*t**2 + 4*t**2. Give y(a).
4
Let l = 88 - 88. Let u be (-2 + 3)*(l - 0) - -25. Let o(a) = 6*a**2 - 2*a**3 + 3 - u*a + 29*a + 3*a**3. Give o(-3).
18
Let q(b) = 2*b**2 + 14*b + 10. Let m be ((-15)/(-25))/((-18)/180). Calculate q(m).
-2
Let z(i) = -5*i**3 - 60*i**2 + 2*i + 6. Let u(j) = -5*j**3 - 72*j**2 + 3*j + 7. Let y(s) = -5*u(s) + 6*z(s). Determine y(-2).
47
Let b(t) be the second derivative of t**3/3 + 31*t**2 + t - 2731. What is b(-17)?
28
Let h(x) = 9*x**3 + 15*x**2 + 35*x + 17. Let d(z) = 7*z**3 + 17*z**2 + 33*z + 18. Let q(a) = -5*d(a) + 4*h(a). Determine q(26).
4
Let l(f) = -5*f**3 + 4*f**2 - 13*f + 6. Let z(t) be the second derivative of -t**5/5 + t**4/4 - 2*t**3 + 3*t**2 - 11*t. Let p(b) = 5*l(b) - 6*z(b). Give p(4).
-10
Let s(a) be the second derivative of -a**8/1344 - a**7/1260 - a**6/720 - 85*a**4/6 + 13*a. Let o(t) be the third derivative of s(t). Calculate o(-2).
34
Suppose 0*m - 3*w = m - 2, 2*m - 5*w - 26 = 0. Suppose 7*z = 11*z - m. Let d(f) = -299*f**2 + 1 - f + 148*f**z + 147*f**2. Give d(-2).
-13
Let h(c) = -411*c**2 - 1 - 414*c**2 + 1226*c**2 - 400*c**2 - 6*c. Calculate h(7).
6
Let m(f) = -f**2 - 4*f + 5. Let h(d) = -3*d + 5 + 2*d + 0*d. Let i be h(1). Suppose 0 = 5*x - q + 20, -5*x + i*q - 1 = 4. Determine m(x).
0
Let c(v) = 27*v - 542. Let z(q) = -41*q + 868. Let d(f) = -8*c(f) - 5*z(f). Determine d(-6).
62
Let w(t) = 10*t + 22. Let p be w(-3). Let g(v) = -11*v**2 - 3*v - 4. Let j(r) = -2*r**2 + r + 1. Let c(q) = -g(q) + 5*j(q). Give c(p).
9
Let c(g) = -12*g + 28. Let r = -8369 - -8374. Determine c(r).
-32
Let g(j) = 2*j**2 + 26*j - 37. Suppose -2*h = 2*h + 4*h + 112. Determine g(h).
-9
Let j(c) = 2*c**3 + 5*c**2 + c. Suppose 2*m + 14*o - 5 = 17*o, o + 13 = -5*m. Give j(m).
2
Let u(c) be the second derivative of -c**4/12 + 19*c**3/6 + 15*c**2/2 + 2278*c. Determine u(20).
-5
Let b(g) = 14*g - 374. Let k(x) = -7*x + 168. Let n(c) = 2*b(c) + 5*k(c). Give n(18).
-34
Let q = -11 + 16. Let a(b) = 5*b + 8. Let d(k) = 3*k + 7. Let w be (-11 + 14)/(3 + 0 + -2). Let c(f) = w*d(f) - 2*a(f). What is c(q)?
0
Let h(p) = -5*p**3 + 41*p**2 + p - 53. Let c(t) = -17 + 4 - 23*t**2 + 14*t**2 + 19*t**2 - t**3. Let d(m) = -9*c(m) + 2*h(m). Determine d(-8).
-5
Let k(y) = -5*y + 44. Let c(i) = i**2 - 3*i - 16. Let m be c(5). Let u(l) = l - 8. Let v(b) = m*k(b) - 33*u(b). Determine v(-1).
3
Suppose 1277 + 2275 = 16*s. Let b(y) = 25*y - s + 222. Determine b(-1).
-25
Suppose -238 = n - 244. Let p(x) = 5*x**3 + 33*x**2 + 15*x - 3. Let g(v) = -v**3 - 8*v**2 - 4*v + 1. Let a(r) = 9*g(r) + 2*p(r). Calculate a(n).
-33
Let k = 12/1787 - -1643/21444. Let b(u) be the third derivative of 2*u**2 + 0 + 1/6*u**3 + 0*u + k*u**4. Determine b(2).
5
Let d(u) = 8*u + 61. Let j = -5369 - -5363. Calculate d(j).
13
Let u = -3573 - -3577. Let r(p) be the second derivative of 0 - 2/3*p**u - 8*p + 0*p**2 + 1/6*p**3. Determine r(1).
-7
Let i be 10 + -3*(4 - 3) - 5. Suppose 4 = -i*k, -3*y - 3*k = 14 + 7. Let r(f) = -f**3 - 5*f**2 - f - 6. Calculate r(y).
-1
Let s(r) = -r**2 - 15*r + 9. Let n = 263 - 651. Let l = n - -373. Determine s(l).
9
Let s be (-1)/((6/8)/3). Let v(o) be the third derivative of 5/24*o**4 + 0*o + 197*o**2 + 5/6*o**3 + 0. Give v(s).
-15
Let n(b) = 5*b**3 - 5*b**2 + 8*b - 17. Let q(v) = -4*v**3 + 4*v**2 - 6*v + 18. Let g(h) = -3*n(h) - 4*q(h). Calculate g(0).
-21
Let z(i) = -6*i**2 + 2*i + 1. Let m(t) = t**2 + 5*t + 5. Suppose 0 = -6*c - 0*c + 18. Suppose 0 = 5*n - 2*p + 6 + 2, 5*p + c = n. Let h be m(n). Calculate z(h).
-7
Let v(b) = 12*b**2 - 10*b. Let z(n) = -n**2 + n. Let m(u) = -v(u) - 10*z(u). Let o = -12 - -31. Suppose -2 = -o*j + 18*j. What is m(j)?
-8
Let o(v) = 15*v - 9. Let j(b) = b**2 + 23*b - 15. Let f(d) = 2*j(d) - 3*o(d). Let c be -2*3/4*2. Calculate f(c).
12
Let j(y) = 2*y - 7. Let m(w) = w**3 - 30*w**2 + 7. Suppose 0*h = 10*h - 300. Let t be m(h). Determine j(t).
7
Let s be (-1353)/(-1271) + (-2)/31. Suppose -a - s = 3*p, -5*p - 15 = -2*a + a. Let m(j) = -j - 4. Calculate m(p).
-2
Let p = 5038 + -5036. Let f(z) = -5*z**2 + 5*z + 4. Give f(p).
-6
Suppose 11*g - 78 + 8 = 18*g. Let c(q) = q**2 + 7*q - 34. What is c(g)?
-4
Let l(m) = m**2 - 2*m + 3. Let f = 91 + -85. Suppose 5*w + f*u = 10*u + 30, 27 = w - 5*u. Let r be l(w). Let v(g) = -g**3 + 3*g**2 + g + 2. Give v(r).
5
Let w be 5/(420/72 + -5). Let q(s) = -22*s + 139. What is q(w)?
7
Let q(b) be the second derivative of -5*b**3/2 - 3*b**2 - 538*b - 5. Determine q(4).
-66
Let y(a) = -5*a**2 - 1. Suppose 0 = -g - 13 + 17. Let l = g + -5. What is y(l)?
-6
Let j be -6 + (-1 - (-6 + 3)). Let s be (86/(-2) + -2)*2/(-2). Let f(p) = -50*p + 4 - s*p + 98*p. Determine f(j).
-8
Let g(v) = -v**2 + 2*v. Let d(m) = m**3 - 9*m**2 + 10*m + 2. Let j(a) = -d(a) + 6*g(a). Let r be j(3). Let f(s) = -s**2 + 4*s + 2. Determine f(r).
2
Let h(b) = -174*b + 597*b - 187*b - 212*b + 5 - b**2. What is h(17)?
124
Let h(s) = 4*s + 4. Let o be (0 - -3) + (-1 - 0). Suppose -o*n + 0*n + 10 = 0. Suppose 5*i + 10 = 0, 2*j = j + 5*i + n. What is h(j)?
-16
Let a(v) = 4*v**2 - 42*v + 20. Suppose 15 = 3*s + 5*i, 5*s - 11*i = -7*i + 62. What is a(s)?
0
Let v(l) = -8*l + 17. Let m(p) = -10*p + 18. Let w(t) = 3*m(t) - 4*v(t). Determine w(-4).
-22
Suppose 9*f - 13 = -4*s + 14*f, -3*f - 5 = -s. Let a(n) = -8*n + 3*n**2 - 6 + 7 + 4 - 3*n - 2*n**s. Determine a(11).
5
Let n(p) = p**2 - 11*p - 63. Suppose c = 3*h - 49, 22*c = 17*c - 20. Determine n(h).
-3
Let t(q) = -q**3 + q - 13. Suppose -6*a - 5*a = -132. Suppose 2*n - 2 = a. Suppose 25 = -4*v - 5*x, -4*x + 15 = 5*v - n*x. What is t(v)?
-13
Let s(n) = -85*n + 670. Let o(i) = 28*i - 251. Let k(a) = 8*o(a) + 3*s(a). Determine k(1).
-29
Let c(b) = -3*b**3 + 80*b**2 - 2*b - 106. Let u(y) = -2*y**3 + 53*y**2 - y - 72. Let z(j) = -5*c(j) + 8*u(j). Give z(24).
2
Let x be 6/48*-2 - 34/8*-1. Let d(j) = 3*j**2 - 5*j - 2. Determine d(x).
26
Let g(o) = 5*o**2 - 46*o + 84. Let j be g(7). Let t(w) = 2*w - 48. Give t(j).
-34
Let x(z) = 3356 - 3*z - 3361 + 0*z + 5*z. Suppose 2*g + 6 = 3*o + 5*g, 3*g - 6 = o. What is x(o)?
-5
Suppose 4*j - 5*z + 9 = 0, 2*z + 5 = -1. Let g(x) = 13*x**2 + 28*x - 1. Let c = 51 + -42. Let t(k) = -3*k**2 - 7*k. Let w(b) = c*t(b) + 2*g(b). Give w(j).
4
Let d(c) be the first derivative of 1/24*c**4 - 18 - 17/2*c**2 + 1/60*c**5 + 0*c - 1/3*c**3. Let k(z) be the second derivative of d(z). What is k(-2)?
0
Let d(y) = 11*y - 15. Let a be d(3). Let f(u) = -20*u + 46*u - 13*u + 3 - a*u. Determine f(3).
-12
Let n = -3254 - -3264. Let z(h) = -2*h + 14. Let m(k) = 6*k - 42. Let v(s) = 2*m(s) + 7*z(s). Calculate v(n).
-6
Let m(n) = 2*n**2 - 23*n - 245. Let q(a) = a**2 - 11*a - 122. Let g(l) = -3*m(l) + 7*q(l). Let f(t) be the first derivative of g(t). Give f(-8).
-24
Let j(x) = -x**2 + x. Suppose -248 = -n - 3*n + k, 3*n = -k + 193. Let m = -69 + n. Let f be ((-4)/3)/(m/9). Calculate j(f).
-2
Let n(i) = i**3 + i**2 + 2*i + 6. Let h(t) = 7*t**2 - 10*t. Let m be h(4). Let x be (-4)/(-18) + 416/m + -6. Calculate n(x).
6
Let p(u) = 329*u - 996*u + 334*u + 336*u + 3*u**2 - 4. Give p(-3).
14
Let g(d) be the second derivative of d**6/144 - d**5/120 + 50*d**4/3 + 2*d + 85. Let o(q) be the third derivative of g(q). Determine o(7).
34
Suppose -50*l + 3*c - 39 = -53*l, 4*c = 24. Let j(a) = -a**2 + 5*a + 22. Give j(l).
8
Let w(a) = -3*a**2 + 56*a - 198. Let m be w(14). Let j(f) be the third derivative of -f**6/30 - f**5/60 - f**4/8 - f**3/6 - 4*f**2. Determine j(m).
33
Let q(w) = -29*w**2 - 5. Let z(y) = 36*y**2 + 5. Let f(k) = -5*q(k) - 4*z(k). What is f(7)?
54
Let t be (4/(-14))/((-2)/14)